r of 1519 and 21509040.
1519
What is the highest common divisor of 5992 and 3198872?
856
Calculate the highest common factor of 1652 and 37612.
4
Calculate the highest common factor of 17 and 610358973.
17
What is the highest common factor of 1541845476 and 216?
108
What is the highest common divisor of 55630 and 80?
10
What is the highest common factor of 4487622 and 9982?
1426
Calculate the highest common factor of 26568696 and 3.
3
What is the greatest common divisor of 1 and 1199234?
1
What is the highest common factor of 12443985 and 2950?
295
What is the greatest common factor of 19964 and 579204?
124
Calculate the highest common factor of 37615708 and 156.
52
Calculate the highest common factor of 102 and 16197634.
34
Calculate the highest common divisor of 51865 and 787405.
4715
What is the highest common factor of 38778 and 1011126?
138
What is the greatest common divisor of 1914 and 9797766?
1914
What is the highest common divisor of 74328 and 6990744?
3912
Calculate the highest common divisor of 51908663 and 3.
1
Calculate the greatest common factor of 49 and 7989653.
7
What is the greatest common factor of 268847 and 391?
23
What is the greatest common divisor of 36680555 and 905?
905
What is the highest common factor of 25619 and 14714622?
2329
Calculate the highest common divisor of 534600 and 4675.
275
What is the greatest common divisor of 8109 and 98054929?
901
Calculate the greatest common factor of 57636 and 698604.
12
What is the highest common divisor of 1227 and 153790953?
1227
What is the greatest common factor of 139671 and 1395232?
739
What is the greatest common factor of 4730118 and 10?
2
What is the greatest common factor of 3940 and 253987372?
788
What is the highest common divisor of 12 and 18493572?
12
What is the highest common factor of 1620 and 37683900?
540
Calculate the greatest common divisor of 902243 and 1443862.
683
What is the greatest common divisor of 62440 and 22798405?
7805
What is the greatest common factor of 1740 and 5435151?
87
Calculate the greatest common factor of 710097104 and 21264.
7088
Calculate the greatest common factor of 6292 and 3596879.
143
Calculate the highest common factor of 187504590 and 70.
70
Calculate the greatest common factor of 57 and 642120789.
57
What is the highest common divisor of 916104 and 35260?
164
What is the greatest common divisor of 6420 and 124976535?
1605
Calculate the highest common factor of 3145 and 5712985.
185
What is the greatest common factor of 7056 and 1593480?
1176
What is the greatest common divisor of 811 and 707898381?
811
Calculate the highest common factor of 1561252 and 122507.
2849
What is the greatest common factor of 207176 and 64000?
8
Calculate the highest common factor of 320994 and 36.
18
What is the highest common factor of 187535 and 30?
5
Calculate the highest common divisor of 249 and 51963.
3
What is the greatest common divisor of 25525890 and 65?
65
What is the greatest common divisor of 242427906 and 126?
126
What is the greatest common divisor of 26511 and 9021?
3
Calculate the highest common factor of 1107540 and 315.
315
Calculate the greatest common factor of 29107 and 643175.
13
What is the greatest common factor of 150832551 and 894?
447
Calculate the highest common divisor of 2598250 and 10250.
250
What is the greatest common divisor of 1981705856 and 26?
26
Calculate the highest common divisor of 294 and 1083138.
42
Calculate the greatest common divisor of 535753 and 2209.
47
Calculate the highest common divisor of 19340 and 210020.
20
What is the highest common divisor of 987856 and 6960?
464
What is the highest common divisor of 126375 and 480000?
375
Calculate the highest common divisor of 102 and 1477810.
34
Calculate the greatest common factor of 2305594 and 2624.
82
Calculate the greatest common factor of 685 and 113048975.
685
What is the highest common factor of 3856396 and 772?
4
Calculate the highest common divisor of 3944 and 1318688.
232
Calculate the highest common divisor of 116473 and 38318.
49
Calculate the highest common factor of 294 and 18683070.
42
Calculate the highest common divisor of 1665840 and 913.
11
What is the highest common divisor of 4594765 and 4517107?
12943
Calculate the highest common divisor of 5388116 and 2006.
2006
Calculate the highest common divisor of 344363276 and 4908.
1636
What is the greatest common factor of 19 and 45442414?
19
Calculate the highest common factor of 217 and 10950409.
31
Calculate the greatest common divisor of 3867088 and 11312.
1616
What is the highest common factor of 495520013 and 2726?
1363
What is the highest common factor of 9760299 and 213?
213
Calculate the highest common factor of 6 and 1974093.
3
Calculate the greatest common factor of 2100 and 16376850.
1050
Calculate the greatest common divisor of 8223560 and 2920.
40
What is the greatest common divisor of 37 and 837599?
1
What is the greatest common divisor of 108 and 22572918?
54
What is the greatest common factor of 336241 and 695?
139
What is the greatest common factor of 327 and 4188652?
109
Calculate the greatest common factor of 5328 and 10665472.
592
What is the highest common divisor of 1214752 and 611320?
3944
Calculate the highest common factor of 70734152 and 70184.
2264
What is the greatest common divisor of 19686548 and 14?
14
Calculate the greatest common factor of 4615173 and 72.
9
What is the highest common divisor of 3918 and 30809193?
1959
Calculate the greatest common factor of 1714155 and 30.
15
Calculate the greatest common divisor of 119266610 and 620.
310
What is the highest common divisor of 1865 and 3819680?
5
What is the greatest common factor of 5650 and 64508536?
226
What is the greatest common factor of 957855325 and 2870?
1435
What is the highest common divisor of 826475 and 125775?
325
Calculate the highest common divisor of 835471 and 156429.
91
Calculate the greatest common divisor of 180839506 and 626.
626
What is the greatest common factor of 1760945513 and 6889?
6889
Calculate the greatest common factor of 181248 and 2331798.
354
Calculate the greatest common factor of 2871 and 84690.
9
What is the highest common factor of 322 and 18849374?
46
Calculate the highest common factor of 112575336 and 96.
24
Calculate the highest common factor of 54353 and 194805.
481
What is the highest common divisor of 530835 and 837?
3
Calculate the highest common divisor of 3062018 and 39910.
614
What is the greatest common divisor of 54870 and 60140?
310
What is the highest common factor of 3184 and 3506376?
8
Calculate the highest common factor of 3776682 and 32214.
546
Calculate the greatest common divisor of 1032080 and 8120.
280
Calculate the highest common factor of 34176 and 4000728.
2136
What is the highest common divisor of 352043217 and 27?
9
Calculate the highest common divisor of 11641367 and 6544.
409
Calculate the highest common factor of 333 and 120662661.
111
Calculate the greatest common divisor of 219518328 and 48.
24
Calculate the highest common factor of 8170228 and 3509.
319
Calculate the greatest common factor of 4983 and 14771273.
1661
Calculate the greatest common divisor of 14058 and 19833.
33
Calculate the greatest common factor of 680 and 2086780.
20
What is the greatest common factor of 5805239 and 88?
11
Calculate the highest common factor of 88466 and 373016.
14
Calculate the greatest common factor of 4530 and 76812945.
2265
Calculate the greatest common factor of 8073 and 689.
13
What is the greatest common factor of 1 and 346469?
1
What is the greatest common divisor of 3382 and 22534?
38
What is the greatest common factor of 460418 and 358?
2
What is the highest common divisor of 14348017 and 153?
17
What is the greatest common factor of 1449596 and 8?
4
Calculate the highest common factor of 598731 and 25431.
147
Calculate the highest common factor of 3476383 and 1067.
97
What is the highest common divisor of 775575 and 22275?
2025
Calculate the highest common factor of 3588 and 349284.
156
Calculate the highest common divisor of 115 and 112798325.
115
What is the greatest common factor of 89460280 and 455?
455
Calculate the greatest common factor of 22271967 and 225.
9
Calculate the greatest common divisor of 4620880 and 37202.
1958
Calcu